655165?
5, 7, 18719
What are the prime factors of 2041141?
1399, 1459
What are the prime factors of 3440852?
2, 37, 67, 347
What are the prime factors of 127812?
2, 3, 10651
List the prime factors of 982691.
571, 1721
What are the prime factors of 472769?
11, 42979
What are the prime factors of 281660?
2, 5, 14083
What are the prime factors of 6191622?
2, 3, 61, 5639
List the prime factors of 1365089.
11, 193, 643
What are the prime factors of 1164535?
5, 232907
List the prime factors of 14243004.
2, 3, 383, 1033
What are the prime factors of 4605398?
2, 7, 101, 3257
What are the prime factors of 816198?
2, 3, 136033
List the prime factors of 1228898.
2, 11, 83, 673
List the prime factors of 9158580.
2, 3, 5, 17, 41, 73
What are the prime factors of 2648011?
19, 139369
List the prime factors of 135022.
2, 67511
What are the prime factors of 665919?
3, 23, 3217
List the prime factors of 19264904.
2, 2408113
List the prime factors of 2606177.
7, 372311
List the prime factors of 1392691.
17, 61, 79
List the prime factors of 313524.
2, 3, 2903
List the prime factors of 597142.
2, 7, 13, 17, 193
What are the prime factors of 792221?
577, 1373
List the prime factors of 2365916.
2, 7, 12071
What are the prime factors of 118995?
3, 5, 7933
What are the prime factors of 482297?
307, 1571
What are the prime factors of 8832709?
8832709
What are the prime factors of 1749007?
13, 19, 73, 97
List the prime factors of 309710.
2, 5, 30971
What are the prime factors of 3098020?
2, 5, 191, 811
List the prime factors of 3851358.
2, 3, 7, 107, 857
List the prime factors of 533072.
2, 33317
What are the prime factors of 4210604?
2, 1021, 1031
List the prime factors of 16578285.
3, 5, 23, 29, 1657
List the prime factors of 269836.
2, 7, 23, 419
What are the prime factors of 24200777?
103, 234959
List the prime factors of 197559.
3, 271
List the prime factors of 213953.
213953
What are the prime factors of 5743357?
5743357
What are the prime factors of 140614?
2, 167, 421
List the prime factors of 39419.
39419
List the prime factors of 378380.
2, 5, 18919
What are the prime factors of 2740504?
2, 13, 2027
What are the prime factors of 3021445?
5, 7, 173, 499
List the prime factors of 304678.
2, 11, 1259
List the prime factors of 5177604.
2, 3, 59, 71, 103
List the prime factors of 3340768.
2, 104399
List the prime factors of 356848.
2, 22303
List the prime factors of 15085559.
1009, 14951
List the prime factors of 35387981.
5281, 6701
What are the prime factors of 356944?
2, 7, 3187
What are the prime factors of 1745500?
2, 5, 3491
List the prime factors of 5376751.
631, 8521
List the prime factors of 835675.
5, 33427
List the prime factors of 12095492.
2, 41, 131, 563
List the prime factors of 11564416.
2, 167, 541
List the prime factors of 8878876.
2, 577, 3847
List the prime factors of 711151.
7, 19, 5347
What are the prime factors of 58802?
2, 29401
List the prime factors of 24156.
2, 3, 11, 61
List the prime factors of 111719.
47, 2377
List the prime factors of 12891481.
19, 678499
List the prime factors of 186598.
2, 79, 1181
List the prime factors of 222020.
2, 5, 17, 653
What are the prime factors of 6792195?
3, 5, 452813
List the prime factors of 5128611.
3, 17, 227, 443
List the prime factors of 954436.
2, 7, 89, 383
What are the prime factors of 67639?
11, 13, 43
What are the prime factors of 2513936?
2, 47, 3343
What are the prime factors of 12182984?
2, 11, 167, 829
What are the prime factors of 848999?
23, 36913
What are the prime factors of 312534?
2, 3, 97, 179
List the prime factors of 937817.
83, 11299
What are the prime factors of 158810?
2, 5, 15881
List the prime factors of 90842.
2, 53, 857
What are the prime factors of 1074126?
2, 3, 179021
What are the prime factors of 12953594?
2, 61, 89, 1193
List the prime factors of 163846.
2, 17, 61, 79
What are the prime factors of 804136?
2, 100517
List the prime factors of 108239.
17, 6367
List the prime factors of 8242534.
2, 569, 7243
What are the prime factors of 31941019?
11, 619, 4691
What are the prime factors of 735432?
2, 3, 30643
List the prime factors of 2308404.
2, 3, 7, 27481
List the prime factors of 26654902.
2, 59, 225889
List the prime factors of 13336892.
2, 3334223
List the prime factors of 1255220.
2, 5, 62761
What are the prime factors of 678007?
11, 61637
What are the prime factors of 2523731?
7, 347, 1039
What are the prime factors of 377922?
2, 3, 62987
What are the prime factors of 476851?
476851
What are the prime factors of 313899?
3, 19, 5507
What are the prime factors of 2660702?
2, 11, 120941
List the prime factors of 354708.
2, 3, 59, 167
What are the prime factors of 971458?
2, 485729
What are the prime factors of 54884?
2, 13721
List the prime factors of 481938.
2, 3, 47, 1709
List the prime factors of 10985119.
67, 127, 1291
What are the prime factors of 680267?
7, 13883
List the prime factors of 357091.
7, 139, 367
List the prime factors of 712236.
2, 3, 7, 61, 139
What are the prime factors of 4668680?
2, 5, 19, 6143
What are the prime factors of 19994036?
2, 83, 60223
List the prime factors of 446945.
5, 71, 1259
What are the prime factors of 659401?
31, 89, 239
What are the prime factors of 693623?
7, 99089
List the prime factors of 17481225.
3, 5, 233083
List the prime factors of 387976.
2, 48497
What are the prime factors of 4567111?
1871, 2441
List the prime factors of 1266924.
2, 3, 71, 1487
What are the prime factors of 18672774?
2, 3, 3112129
What are the prime factors of 1808391?
3, 13, 89, 521
What are the prime factors of 159364?
2, 39841
List the prime factors of 39585.
3, 5, 7, 13, 29
What are the prime factors of 910668?
2, 3, 11, 6899
What are the prime factors of 974283?
3, 41, 89
What are the prime factors of 6219271?
6219271
What are the prime factors of 235814?
2, 157, 751
List the prime factors of 182527.
349, 523
List the prime factors of 2720380.
2, 5, 13, 10463
List the prime factors of 306755.
5, 19, 3229
List the prime factors of 236548.
2, 13, 4549
List the prime factors of 2332237.
2332237
List the prime factors of 228871.
17, 13463
What are the prime factors of 32175896?
2, 23, 7603
List the prime factors of 252409.
252409
What are the prime factors of 2362787?
7, 337541
List the prime factors of 9794711.
23, 425857
What are the prime factors of 670121?
479, 1399
List the prime factors of 987674.
2, 379, 1303
List the prime factors of 512331.
3, 170777
What are the prime factors of 315268?
2, 269, 293
List the prime factors of 130667.
41, 3187
List the prime factors of 195237.
3, 7, 1033
What are the prime factors of 512616?
2, 3, 13, 31, 53
What are the prime factors of 21076581?
3, 103, 68209
List the prime factors of 1121541.
3, 17, 21991
What are the prime factors of 330156?
2, 3, 1019
List the prime factors of 9914320.
2, 5, 13, 9533
List the prime factors of 184467.
3, 17, 3617
List the prime factors of 775617.
3, 258539
List the prime factors of 1215096.
2, 3, 197, 257
List the prime factors of 7347613.
7, 13, 6211
What are the prime factors of 682093?
31, 22003
What are the prime factors of 934561?
934561
List the prime factors of 302721.
3, 100907
List the prime factors of 698142.
2, 3, 23, 5059
What are the prime factors of 538907?
29, 18583
What are the prime factors of 138270?
2, 3, 5, 11, 419
List the prime factors of 617842.
2, 19, 71, 229
List the prime factors of 287397.
3, 11, 2903
List the prime factors of 176950.
2, 5, 3539
List the prime factors of 31635940.
2, 5, 7, 89, 2539
What are the prime factors of 71207?
31, 2297
List the prime factors of 2702123.
19, 142217
What are the prime factors of 81775?
5, 3271
What are the prime factors of 1297088?
2, 13, 1559
List the prime factors of 11052572.
2, 367, 7529
List the prime factors of 369045.
3, 5, 59, 139
What are the prime factors of 3568311?
3, 396479
List the prime factors of 1264607.
1264607
List the prime factors of 4230154.
2, 2115077
List the prime factors of 487445.
5, 7, 19, 733
What are the prime factors of 7509545?
5, 1501909
What are the prime factors of 221389?
7, 31627
List the prime factors of 13025552.
2, 814097
List the prime factors of 84939.
3, 23, 1231
What are the prime factors of 21579229?
7, 3082747
List the prime factors of 1016188.
2, 25404